 c(k). Let m(b) = -b**3 + b**2 - 7. Give m(a).
-7
Let d(v) = 2*v**3 - 2*v**2 - 3*v + 3. Let g be d(2). Let s(q) = 4*q - 2. Give s(g).
18
Let b(k) = -8*k**2. Let a be 26 + 2 + -3 + 0. Let u be (20/a)/(1/5). Suppose -u*x - h = -4*h + 7, x + 2*h = 1. Determine b(x).
-8
Suppose -11 = -q - 2*s, 3*q + 0*s - 3 = 4*s. Let j = q + -2. Let r(v) = -v**3 + 4*v**2 - 3*v - 4. Determine r(j).
-4
Let q(s) = s**2 + 1. Let r = 5 - 5. Suppose 2*j = -r*j. Give q(j).
1
Let v(s) be the first derivative of -s**4/12 + s**3 - 3*s**2/2 - s + 2. Let z(q) be the first derivative of v(q). Give z(3).
6
Suppose -5*u + 18 = 48. Let j = u - -5. Let d(w) = 2*w**2 - w - 1. Calculate d(j).
2
Let f(x) = x + 13 - 17 - x - x. Let v be f(0). Let u(z) = -z**2 + 3. Let y(j) = j**2 - j - 3. Let d(h) = -6*u(h) - 5*y(h). Determine d(v).
-7
Let a(w) be the third derivative of w**5/60 + w**4/24 - 2*w**3/3 + 18*w**2. Determine a(0).
-4
Let h(a) be the third derivative of 7*a**4/12 - a**3/6 - 2*a**2. Let s be 3/(18/4)*(-42)/(-28). Give h(s).
13
Let w(l) = -16 + 6 + 10 - l. Let v = -1 - 3. Give w(v).
4
Let o(l) = -l**2 - 5 + 2*l - l - 2*l - 2 - l**3. Let r be (-4)/14 + 10/35. Give o(r).
-7
Suppose j - 4 = -3, -4*j + 13 = 3*p. Let h(b) = b**3 - 4*b**2 + 4. Calculate h(p).
-5
Let p(z) be the first derivative of -z**4/4 - z**3 + 3*z**2/2 + z - 1. Let v(d) = -d - 1. Let h be v(3). Give p(h).
5
Suppose -5 = 4*k - 21. Let p(g) = g - 4. Give p(k).
0
Let q(c) = -c**3 - c**2 - 4*c - 4. Let g(r) = 4*r**3 + 3*r**2 + 17*r + 16. Let u(s) = 2*g(s) + 9*q(s). Let l = -388 - -385. Calculate u(l).
2
Let l(s) = s - 5. Let z = -6 + 12. Let t be l(z). Let o be (6 - t) + (-1)/1. Let w(p) = -p - 2. Calculate w(o).
-6
Suppose 0 = 5*r - 0*r. Let k(i) = 5 + i + r - 3*i. Calculate k(5).
-5
Let f(t) = 2*t - 2. Let v be f(4). Let u(i) = -17*i**2 + 18*i**2 - 1 + 1 - 7*i. What is u(v)?
-6
Let q be 1/(-2) + 6/4. Let k(z) = -z + 1. Let v(a) be the first derivative of 9*a**2/2 - 7*a - 2. Let s(i) = 14*k(i) + 2*v(i). What is s(q)?
4
Let h(y) = -y**2 - 3*y - 28*y**3 + 0*y + 4*y + 39*y**3 - 1. Determine h(1).
10
Let b(r) = -r**3 - 7*r**2 + 8*r + 3. Let x = 7 - 15. Let l be b(x). Let z(m) be the second derivative of -m**4/6 + m**3/2 + 3*m**2/2 - m. Calculate z(l).
-6
Let f(n) = n + 8. Suppose 3*x = -2*w, x = -0*w - 4*w. Suppose x = -0*j + j + 6. Give f(j).
2
Let k(d) be the first derivative of 1 - 1/12*d**4 - 4*d + 1/6*d**3 + 2*d**2. Let q(t) be the first derivative of k(t). Give q(-3).
-8
Let q(b) = 11*b + 5. Let y(s) = 16*s + 8. Let t(h) = -7*q(h) + 5*y(h). Let r(a) = -a - 5. Let o be r(-3). Let w = o - 3. What is t(w)?
-10
Let h(o) = -o**3 + 4*o**2 + 5*o - 6. Suppose -v = -4*t - 49, 15 = -4*t + 2*v - 39. Let g = -2 - t. Let c = g - 4. What is h(c)?
-6
Suppose -2*a = -5*a - 12. Let s = 7 + a. Suppose s*f = f - 8. Let g(r) = -r**2 - 3*r + 1. Give g(f).
-3
Let q(p) be the first derivative of p**4/4 - 4*p**3/3 - 3*p**2 + 4*p - 5. Determine q(5).
-1
Suppose -4*j - 6 + 14 = 0. Let k(t) = -t**3 + 2*t**2 - t - 2. Let o(w) = w - 1. Let c(l) = -k(l) + o(l). Determine c(j).
5
Let h(r) = -r**3 + 3*r**2 + 4*r - 6. Suppose -11 = 5*f + 4. Let a = 5 + f. Suppose -a*m + 20 = 3*m. What is h(m)?
-6
Let z = -11 - -11. Let g(s) = -s**3 + s**2 - s + 6. Give g(z).
6
Let n(q) = -q**3 + 5*q**2 - 2*q - 2. Let x(t) = -t**2 + 5*t + 17. Let g be x(7). Determine n(g).
10
Let s = 1 + -2. Let c(v) = -7 - 4*v + 7 + 5*v - 1. Let i(q) = -6*q - 1. Let r(d) = s*i(d) - 5*c(d). Determine r(-5).
1
Let w(j) be the second derivative of -3*j**2 - 5*j + 0 - 1/6*j**3. Suppose -3*k - 2*s - 14 = 0, 0*k - 26 = 4*k - s. Calculate w(k).
0
Let p be -1*2*2/(-4). Let h(c) be the first derivative of -c**6/180 + c**3 - 1. Let r(y) be the third derivative of h(y). What is r(p)?
-2
Let z(y) = y**2 + 4*y - 2. Suppose -8 - 17 = 5*q. Let u = 9 + q. Suppose u*f + 16 = -0*f. Give z(f).
-2
Let a(o) = o + 2. Suppose -4*g = -5*g + 20. Suppose 2*w = -2*w + g. Calculate a(w).
7
Suppose -4*p = 4*m - 16, -7 = -2*p + m - 2*m. Let s(r) = r**3 - 2*r**2 + 4*r. Calculate s(p).
21
Suppose 2*q + 2 + 2 = 0. Let p(j) = j**2 + j - 3. Let b be p(-3). Let o(k) = -1 - 4*k - 1 - 4*k**2 + b*k**2. Calculate o(q).
2
Suppose -3*v - 19 = -1. Let x(i) = i**2 + 7*i + 2. Give x(v).
-4
Let s(v) = 4*v**3 - 3*v**2 + 4*v - 3. Let h = -206 + 208. Give s(h).
25
Let q(c) = 2*c + 1. Let d(z) = z. Let y(b) = -8*d(b) + 3*q(b). Give y(-3).
9
Let o(h) = 2 + 1 - 4 + 2*h. Let w(l) = l**2 + 3*l - 7. Let a be w(-5). Suppose -4*d = -a*g - 14, -5*d = -4*g - 14 - 3. Give o(d).
9
Let k = -5 - 0. Let l(g) be the second derivative of g**3/6 - 3*g**2/2 - 2*g. Give l(k).
-8
Let m(d) = -4*d**3 - 2*d**2 + 11. Let t(x) = -3*x**3 - 3*x**2 + 9. Let i(y) = -2*m(y) + 3*t(y). Determine i(-5).
5
Let c(p) be the first derivative of p**3/3 - 3*p**2/2 - 3*p - 16. What is c(4)?
1
Let z(v) = v**3 + v. Let a be 1 - (2 - 1)*-1. Let m(b) = b**3 - 3*b**2 + 4*b + 4. Let h(c) = a*z(c) - m(c). Calculate h(-3).
2
Let f(w) = 5*w**2 - 30*w**2 - w + 16*w**2 + 14*w**2. Determine f(-1).
6
Let u be (-16)/6 - (-28)/42. Let f(c) = c**3 - 2*c - 1. Give f(u).
-5
Let r(c) = 6*c**3 - c + 17*c + 5*c - 13 + 4*c**2 - c**3. Let j(h) = -h**3 - h**2 - 5*h + 3. Let p(v) = -9*j(v) - 2*r(v). Calculate p(2).
1
Let g(f) = 3*f**2 + 5*f - 22. Let w(t) = t**2 + t - 1. Let j(u) = g(u) - 4*w(u). What is j(0)?
-18
Suppose -14 = -3*h - 2, 24 = 2*i + 3*h. Let m(y) = -2*y + 1. Give m(i).
-11
Let q = 2 - 1. Let t(y) be the second derivative of 7/12*y**4 + 0*y**2 + 0 - 3*y - 1/6*y**3. What is t(q)?
6
Let k(x) = 3 + 7*x + 3 - 3 + 0. What is k(-2)?
-11
Let r(x) = -2*x**3 - x. Suppose -4*d + 11 = 3*a, -d = -a + d - 3. What is r(a)?
-3
Let l be 1*(0 - 0/(-2)). Let j(i) be the third derivative of -i**4/24 + 5*i**3/6 + 5*i**2. What is j(l)?
5
Let g(l) = -l**3 - 4*l**2 + l + 2. Let u(q) = q**3 - q + 1. Let z(n) = g(n) + 2*u(n). Give z(4).
0
Let d(o) = -3*o**2 - 1 - 1 - 1 + 4*o**2. Determine d(-3).
6
Let y(v) = 1. Let u(z) = z + 4. Let b(l) = -u(l) + y(l). Let r be ((-4)/(-8))/((-2)/(-4)). Let n(o) = o - 1. Let h be n(r). Calculate b(h).
-3
Let w(q) = -q**2 - q. Let t be 1 - (-3 + 3 + -1). Let g(u) = 2 - 2*u**3 + 3*u**3 + 7*u + 7*u**2 + 8*u**t - 4*u**2. Let b(x) = -g(x) - 6*w(x). Calculate b(-5).
3
Suppose -5*c + 22 = -13. Let v(d) = 10*d**2 - c*d**2 - 5*d + 2*d + d**3. Give v(-4).
-4
Let h be ((-6)/(-8))/((-5)/(-20)). Let v(k) = 0*k**2 + 4*k - 4*k**3 - 2 + 2*k**3 - 4*k**2 + 3*k**3. Let s be v(h). Let w(y) = 3*y**2 + 2*y - 1. Calculate w(s).
4
Let m(z) = -z + 3. Let x be ((-1 + 1)/2)/1. Determine m(x).
3
Let f(c) = c**3 - 2*c**2 - 2*c + 4. Let h be 1/(-5) - 32/(-10). Determine f(h).
7
Suppose 115 = 4*s - 3*q + 36, -4*s + 4*q = -84. Let w = -11 + s. Let d(n) = n**2 - 7*n. Calculate d(w).
-10
Let l(p) = 12*p - 2. Let w = -40 - -42. Give l(w).
22
Let j(a) = a**2 - 4*a - 4. Suppose -3*x = -4*k - 22, -x = 4*x - 3*k - 44. Let w = -5 + x. Let n be 15/6*8/w. Calculate j(n).
-4
Let p(d) = 0*d + 4*d - 2*d. Suppose 2*r = 4*r - 6. Determine p(r).
6
Let m(d) = -d - 5. Let h be m(-8). Let y(l) = 3 - 5*l + 6*l - h*l. Give y(4).
-5
Suppose -4*a = -k - 50, -5*a - 5*k + 0*k = -50. Let y(j) = 3 + a*j - j**2 - 9*j - 1. Give y(5).
-8
Let x(l) = 3*l**2 - 6*l - 2. Let o(w) = -10*w**2 + 19*w + 5. Let d(j) = 2*o(j) + 7*x(j). Give d(5).
1
Let a be 1/(-2)*1*-6. Suppose -3*l - 22 = -5*r, 0*r = 3*r + a*l + 6. Let t(k) = k**2. What is t(r)?
4
Suppose u = -3*u. Let x(q) = u - 6*q**2 + 2*q - 1 + 0*q. Let k = -5 + 6. Determine x(k).
-5
Let i(c) be the third derivative of -c**6/120 - c**3/3 - 16*c**2. Calculate i(-2).
6
Let s(c) = -10*c + 2*c + 13*c + c**2 + 4. Let t be (3*1)/(9/(-12)). Calculate s(t).
0
Let t(f) = -2*f**2 - 9*f + 2. Let o(i) = -2*i**2 - 10*i + 3. Let s(p) = -3*o(p) + 4*t(p). Let d(j) = j**2 + 6*j + 4. Let m be d(-4). What is s(m)?
-9
Let s(d) = -d**2 + 5*d - 1. Let x be s(4). Let n = -1 + x. Let j(z) = -z**2 - 4*z + 3. Let f(g) = 4*g**2 + 13*g - 9. Let u(h) = -2*f(h) - 7*j(h). Give u(n).
-3
Let f(y) be the third derivative of -y**4/24 - y**3/3 + 4*y**2. What is f(-6)?
4
Let a(c) = c - 4. Suppose -6 = -5*m + 29. Let p = m - 10. Determine a(p).
-7
Suppose 3*v + 2*v = 0. Let y(s) be the first derivative of -s**4/4 - 5*s + 2. What is y(v)?
-5
Let q(a) be the first derivative of -a**3/3 + a**2 + 2. Let d be q(2). Let 